Dec 03 17:26:49.754 INFO testing cadence-0.15.1 against master#8940af3cea4a9a9deabcaf843b2f8cad9a83fc61 for beta-1.31-5
Dec 03 17:26:49.754 INFO running `"docker" "create" "-v" "/mnt/big/crater/work/local/target-dirs/beta-1.31-5/worker-6/master#8940af3cea4a9a9deabcaf843b2f8cad9a83fc61:/target:rw,Z" "-v" "/mnt/big/crater/work/local/test-source/worker-6/beta-1.31-5/master#8940af3cea4a9a9deabcaf843b2f8cad9a83fc61:/source:ro,Z" "-v" "/mnt/big/crater/work/local/cargo-home:/cargo-home:ro,Z" "-v" "/mnt/big/crater/work/local/rustup-home:/rustup-home:ro,Z" "-e" "USER_ID=1000" "-e" "SOURCE_DIR=/source" "-e" "USER_ID=1000" "-e" "CMD=cargo +8940af3cea4a9a9deabcaf843b2f8cad9a83fc61-alt build --frozen" "-e" "CARGO_TARGET_DIR=/target" "-e" "CARGO_INCREMENTAL=0" "-e" "RUST_BACKTRACE=full" "-e" "RUSTFLAGS=--cap-lints=warn" "-e" "CARGO_HOME=/cargo-home" "-e" "RUSTUP_HOME=/rustup-home" "-m" "1536M" "--network" "none" "crater"`
Dec 03 17:26:49.952 INFO [stdout] e99991151ce2efbcabe3ce2532c507a4d38ca9085f4c43fbe9cdf3477bb00218
Dec 03 17:26:49.953 INFO running `"docker" "start" "-a" "e99991151ce2efbcabe3ce2532c507a4d38ca9085f4c43fbe9cdf3477bb00218"`
Dec 03 17:26:50.557 INFO [stderr] usermod: no changes
Dec 03 17:26:50.601 INFO [stderr]    Compiling cadence v0.15.1 (/source)
Dec 03 17:26:52.116 INFO [stderr]     Finished dev [unoptimized + debuginfo] target(s) in 1.54s
Dec 03 17:26:52.119 INFO [stderr] su: No module specific data is present
Dec 03 17:26:52.568 INFO running `"docker" "inspect" "e99991151ce2efbcabe3ce2532c507a4d38ca9085f4c43fbe9cdf3477bb00218"`
Dec 03 17:26:52.680 INFO running `"docker" "rm" "-f" "e99991151ce2efbcabe3ce2532c507a4d38ca9085f4c43fbe9cdf3477bb00218"`
Dec 03 17:26:52.772 INFO [stdout] e99991151ce2efbcabe3ce2532c507a4d38ca9085f4c43fbe9cdf3477bb00218
Dec 03 17:26:52.776 INFO running `"docker" "create" "-v" "/mnt/big/crater/work/local/target-dirs/beta-1.31-5/worker-6/master#8940af3cea4a9a9deabcaf843b2f8cad9a83fc61:/target:rw,Z" "-v" "/mnt/big/crater/work/local/test-source/worker-6/beta-1.31-5/master#8940af3cea4a9a9deabcaf843b2f8cad9a83fc61:/source:ro,Z" "-v" "/mnt/big/crater/work/local/cargo-home:/cargo-home:ro,Z" "-v" "/mnt/big/crater/work/local/rustup-home:/rustup-home:ro,Z" "-e" "USER_ID=1000" "-e" "SOURCE_DIR=/source" "-e" "USER_ID=1000" "-e" "CMD=cargo +8940af3cea4a9a9deabcaf843b2f8cad9a83fc61-alt test --frozen --no-run" "-e" "CARGO_TARGET_DIR=/target" "-e" "CARGO_INCREMENTAL=0" "-e" "RUST_BACKTRACE=full" "-e" "RUSTFLAGS=--cap-lints=warn" "-e" "CARGO_HOME=/cargo-home" "-e" "RUSTUP_HOME=/rustup-home" "-m" "1536M" "--network" "none" "crater"`
Dec 03 17:26:53.081 INFO [stdout] 76cb7022639f77e32db0f919efaca9d1d7516c3d96126e7694af0b9361c1b5ce
Dec 03 17:26:53.083 INFO running `"docker" "start" "-a" "76cb7022639f77e32db0f919efaca9d1d7516c3d96126e7694af0b9361c1b5ce"`
Dec 03 17:26:53.556 INFO [stderr] usermod: no changes
Dec 03 17:26:53.605 INFO [stderr]    Compiling cadence v0.15.1 (/source)
Dec 03 17:27:03.741 INFO [stderr]     Finished dev [unoptimized + debuginfo] target(s) in 10.16s
Dec 03 17:27:03.743 INFO [stderr] su: No module specific data is present
Dec 03 17:27:04.388 INFO running `"docker" "inspect" "76cb7022639f77e32db0f919efaca9d1d7516c3d96126e7694af0b9361c1b5ce"`
Dec 03 17:27:04.712 INFO running `"docker" "rm" "-f" "76cb7022639f77e32db0f919efaca9d1d7516c3d96126e7694af0b9361c1b5ce"`
Dec 03 17:27:05.060 INFO [stdout] 76cb7022639f77e32db0f919efaca9d1d7516c3d96126e7694af0b9361c1b5ce
Dec 03 17:27:05.065 INFO running `"docker" "create" "-v" "/mnt/big/crater/work/local/target-dirs/beta-1.31-5/worker-6/master#8940af3cea4a9a9deabcaf843b2f8cad9a83fc61:/target:rw,Z" "-v" "/mnt/big/crater/work/local/test-source/worker-6/beta-1.31-5/master#8940af3cea4a9a9deabcaf843b2f8cad9a83fc61:/source:ro,Z" "-v" "/mnt/big/crater/work/local/cargo-home:/cargo-home:ro,Z" "-v" "/mnt/big/crater/work/local/rustup-home:/rustup-home:ro,Z" "-e" "USER_ID=1000" "-e" "SOURCE_DIR=/source" "-e" "USER_ID=1000" "-e" "CMD=cargo +8940af3cea4a9a9deabcaf843b2f8cad9a83fc61-alt test --frozen" "-e" "CARGO_TARGET_DIR=/target" "-e" "CARGO_INCREMENTAL=0" "-e" "RUST_BACKTRACE=full" "-e" "RUSTFLAGS=--cap-lints=warn" "-e" "CARGO_HOME=/cargo-home" "-e" "RUSTUP_HOME=/rustup-home" "-m" "1536M" "--network" "none" "crater"`
Dec 03 17:27:05.467 INFO [stdout] 24af255bba8250e25415dd6c5ab25b1f17ef0dbfa1af71b2fa1c0c5f9ea695c6
Dec 03 17:27:05.469 INFO running `"docker" "start" "-a" "24af255bba8250e25415dd6c5ab25b1f17ef0dbfa1af71b2fa1c0c5f9ea695c6"`
Dec 03 17:27:06.163 INFO [stderr] usermod: no changes
Dec 03 17:27:06.193 INFO [stderr]     Finished dev [unoptimized + debuginfo] target(s) in 0.01s
Dec 03 17:27:06.204 INFO [stderr]      Running /target/debug/deps/cadence-0a2ff50836088816
Dec 03 17:27:06.207 INFO [stdout] 
Dec 03 17:27:06.207 INFO [stdout] running 61 tests
Dec 03 17:27:06.207 INFO [stdout] test builder::tests::test_metric_formatter_histogram_with_tags ... ok
Dec 03 17:27:06.208 INFO [stdout] test builder::tests::test_metric_formatter_gauge_with_tags ... ok
Dec 03 17:27:06.208 INFO [stdout] test builder::tests::test_metric_formatter_histogram_no_tags ... ok
Dec 03 17:27:06.211 INFO [stdout] test builder::tests::test_metric_formatter_meter_no_tags ... ok
Dec 03 17:27:06.211 INFO [stdout] test builder::tests::test_metric_formatter_meter_with_tags ... ok
Dec 03 17:27:06.211 INFO [stdout] test builder::tests::test_metric_formatter_set_with_tags ... ok
Dec 03 17:27:06.211 INFO [stdout] test builder::tests::test_metric_formatter_set_no_tags ... ok
Dec 03 17:27:06.212 INFO [stdout] test builder::tests::test_metric_formatter_counter_with_tags ... ok
Dec 03 17:27:06.212 INFO [stdout] test builder::tests::test_metric_formatter_counter_no_tags ... ok
Dec 03 17:27:06.212 INFO [stdout] test builder::tests::test_metric_formatter_gauge_no_tags ... ok
Dec 03 17:27:06.212 INFO [stdout] test builder::tests::test_write_datadog_tags ... ok
Dec 03 17:27:06.212 INFO [stdout] test builder::tests::test_metric_formatter_timer_no_tags ... ok
Dec 03 17:27:06.212 INFO [stdout] test client::tests::test_statsd_client_as_counted ... ok
Dec 03 17:27:06.212 INFO [stdout] test client::tests::test_statsd_client_as_histogrammed ... ok
Dec 03 17:27:06.212 INFO [stdout] test client::tests::test_statsd_client_as_gauged ... ok
Dec 03 17:27:06.212 INFO [stdout] test client::tests::test_statsd_client_as_metered ... ok
Dec 03 17:27:06.212 INFO [stdout] test builder::tests::test_metric_formatter_timer_with_tags ... ok
Dec 03 17:27:06.214 INFO [stdout] test client::tests::test_statsd_client_as_metric_client ... ok
Dec 03 17:27:06.214 INFO [stdout] test client::tests::test_statsd_client_count_with_tags ... ok
Dec 03 17:27:06.214 INFO [stdout] test client::tests::test_statsd_client_set_with_tags ... ok
Dec 03 17:27:06.214 INFO [stdout] test client::tests::test_statsd_client_meter_with_tags ... ok
Dec 03 17:27:06.215 INFO [stdout] test client::tests::test_statsd_client_as_setted ... ok
Dec 03 17:27:06.215 INFO [stdout] test client::tests::test_statsd_client_time_duration_with_tags ... ok
Dec 03 17:27:06.215 INFO [stdout] test client::tests::test_statsd_client_time_duration ... ok
Dec 03 17:27:06.215 INFO [stdout] test client::tests::test_statsd_client_time_duration_with_overflow ... ok
Dec 03 17:27:06.215 INFO [stdout] test client::tests::test_statsd_client_set_no_tags ... ok
Dec 03 17:27:06.215 INFO [stdout] test client::tests::test_statsd_client_time_duration_with_tags_with_overflow ... ok
Dec 03 17:27:06.215 INFO [stdout] test client::tests::test_statsd_client_with_tags_send_error ... ok
Dec 03 17:27:06.215 INFO [stdout] test client::tests::test_statsd_client_with_tags_send_success ... ok
Dec 03 17:27:06.215 INFO [stdout] test io::tests::test_buffer_flushed_when_dropped ... ok
Dec 03 17:27:06.215 INFO [stdout] test io::tests::test_buffer_write_equal_capacity ... ok
Dec 03 17:27:06.215 INFO [stdout] test io::tests::test_flush_still_buffered ... ok
Dec 03 17:27:06.216 INFO [stdout] test io::tests::test_write_bigger_than_buffer ... ok
Dec 03 17:27:06.216 INFO [stdout] test io::tests::test_write_needs_flush ... ok
Dec 03 17:27:06.216 INFO [stdout] test io::tests::test_write_no_flush ... ok
Dec 03 17:27:06.217 INFO [stdout] test sinks::async::tests::test_queuing_sink_emit ... ok
Dec 03 17:27:06.227 INFO [stdout] test client::tests::test_statsd_client_gauge_with_tags ... ok
Dec 03 17:27:06.227 INFO [stdout] test client::tests::test_statsd_client_as_timed ... ok
Dec 03 17:27:06.227 INFO [stdout] test client::tests::test_statsd_client_histogram_with_tags ... ok
Dec 03 17:27:06.227 INFO [stdout] test sinks::async::tests::test_worker_submit_processes_event ... ok
Dec 03 17:27:06.233 INFO [stderr] thread '<unnamed>' panicked at 'This thread is supposed to panic, relax :p', src/sinks/async.rs:438:13
Dec 03 17:27:06.233 INFO [stderr] stack backtrace:
Dec 03 17:27:06.234 INFO [stdout] test sinks::udp::tests::test_get_addr_bad_address ... ok
Dec 03 17:27:06.234 INFO [stdout] test sinks::udp::tests::test_buffered_udp_metric_sink ... ok
Dec 03 17:27:06.234 INFO [stdout] test sinks::async::tests::test_worker_stop_and_wait ... ok
Dec 03 17:27:06.234 INFO [stdout] test sinks::async::tests::test_worker_stop ... ok
Dec 03 17:27:06.234 INFO [stdout] test sinks::udp::tests::test_non_blocking_udp_metric_sink ... ok
Dec 03 17:27:06.234 INFO [stdout] test sinks::udp::tests::test_get_addr_valid_address ... ok
Dec 03 17:27:06.234 INFO [stdout] test types::tests::test_counter_to_metric_string ... ok
Dec 03 17:27:06.234 INFO [stdout] test types::tests::test_gauge_to_metric_string ... ok
Dec 03 17:27:06.235 INFO [stdout] test types::tests::test_meter_to_metric_string ... ok
Dec 03 17:27:06.235 INFO [stdout] test types::tests::test_metric_error_cause_io_error ... ok
Dec 03 17:27:06.235 INFO [stdout] test types::tests::test_metric_error_cause_other ... ok
Dec 03 17:27:06.235 INFO [stdout] test types::tests::test_histogram_to_metric_string ... ok
Dec 03 17:27:06.235 INFO [stdout] test sinks::udp::tests::test_udp_metric_sink ... ok
Dec 03 17:27:06.235 INFO [stdout] test types::tests::test_metric_error_description_other ... ok
Dec 03 17:27:06.235 INFO [stdout] test types::tests::test_metric_error_description_io_error ... ok
Dec 03 17:27:06.235 INFO [stdout] test types::tests::test_metric_error_kind_invalid_input ... ok
Dec 03 17:27:06.235 INFO [stdout] test types::tests::test_metric_error_kind_io_error ... ok
Dec 03 17:27:06.241 INFO [stderr]    0:     0x5622cee2707f - std::sys::unix::backtrace::tracing::imp::unwind_backtrace::h3a8b83e1922cbdde
Dec 03 17:27:06.241 INFO [stdout] test sinks::core::tests::test_nop_metric_sink ... ok
Dec 03 17:27:06.242 INFO [stderr]                                at libstd/sys/unix/backtrace/tracing/gcc_s.rs:49
Dec 03 17:27:06.242 INFO [stderr]    1:     0x5622cee30897 - std::sys_common::backtrace::print::h00d3155a29b4020f
Dec 03 17:27:06.243 INFO [stderr]                                at libstd/sys_common/backtrace.rs:71
Dec 03 17:27:06.243 INFO [stderr]                                at libstd/sys_common/backtrace.rs:59
Dec 03 17:27:06.243 INFO [stderr]    2:     0x5622cee2b42f - std::panicking::default_hook::{{closure}}::hd7465c742e79e1bb
Dec 03 17:27:06.243 INFO [stdout] test types::tests::test_timer_to_metric_string ... ok
Dec 03 17:27:06.243 INFO [stdout] test types::tests::test_set_to_metric_string ... ok
Dec 03 17:27:06.244 INFO [stderr]                                at libstd/panicking.rs:211
Dec 03 17:27:06.244 INFO [stderr]    3:     0x5622cee2b194 - std::panicking::default_hook::h9e3966f2aa2a6e12
Dec 03 17:27:06.244 INFO [stderr]                                at libstd/panicking.rs:227
Dec 03 17:27:06.247 INFO [stderr]    4:     0x5622cee2bb0e - std::panicking::rust_panic_with_hook::h587f091ae747d080
Dec 03 17:27:06.247 INFO [stderr]                                at libstd/panicking.rs:476
Dec 03 17:27:06.247 INFO [stderr]    5:     0x5622cee11287 - std::panicking::begin_panic::h04f87dca1ab84e5b
Dec 03 17:27:06.247 INFO [stderr]                                at libstd/panicking.rs:410
Dec 03 17:27:06.247 INFO [stderr]    6:     0x5622ced97df1 - <cadence::sinks::async::tests::PanickingMetricSink as cadence::sinks::core::MetricSink>::emit::h29518c47efa939f1
Dec 03 17:27:06.247 INFO [stderr]                                at src/sinks/async.rs:438
Dec 03 17:27:06.247 INFO [stderr]    7:     0x5622cedad050 - cadence::sinks::async::QueuingMetricSink::from::{{closure}}::hac7c18dc063e7ade
Dec 03 17:27:06.247 INFO [stderr]                                at src/sinks/async.rs:96
Dec 03 17:27:06.247 INFO [stderr]    8:     0x5622cedadcf2 - <cadence::sinks::async::Worker<T>>::run::h246fe9e397146b93
Dec 03 17:27:06.247 INFO [stderr]                                at src/sinks/async.rs:297
Dec 03 17:27:06.247 INFO [stderr]    9:     0x5622cedad362 - cadence::sinks::async::spawn_worker_in_thread::{{closure}}::h7a0a5eb954d629b6
Dec 03 17:27:06.247 INFO [stderr]                                at src/sinks/async.rs:191
Dec 03 17:27:06.247 INFO [stderr]   10:     0x5622ced90872 - std::sys_common::backtrace::__rust_begin_short_backtrace::h06e062c70c63473f
Dec 03 17:27:06.247 INFO [stderr]                                at libstd/sys_common/backtrace.rs:136
Dec 03 17:27:06.247 INFO [stderr]   11:     0x5622ced9c0ed - std::thread::Builder::spawn::{{closure}}::{{closure}}::h3db7c4c6388fda9b
Dec 03 17:27:06.247 INFO [stderr]                                at libstd/thread/mod.rs:409
Dec 03 17:27:06.247 INFO [stderr]   12:     0x5622cedba770 - <std::panic::AssertUnwindSafe<F> as core::ops::function::FnOnce<()>>::call_once::h426c006e324cef06
Dec 03 17:27:06.247 INFO [stderr]                                at libstd/panic.rs:313
Dec 03 17:27:06.247 INFO [stderr]   13:     0x5622cedc2b64 - std::panicking::try::do_call::hc8dbda5d62885c2e
Dec 03 17:27:06.247 INFO [stderr]                                at libstd/panicking.rs:310
Dec 03 17:27:06.247 INFO [stderr]   14:     0x5622cee3b849 - __rust_maybe_catch_panic
Dec 03 17:27:06.249 INFO [stderr]                                at libpanic_unwind/lib.rs:102
Dec 03 17:27:06.249 INFO [stderr]   15:     0x5622cedc29ad - std::panicking::try::hcb94df8ea0f980f5
Dec 03 17:27:06.249 INFO [stderr]                                at libstd/panicking.rs:289
Dec 03 17:27:06.249 INFO [stderr]   16:     0x5622cedbab02 - std::panic::catch_unwind::h28b88151c2b0dee4
Dec 03 17:27:06.249 INFO [stderr]                                at libstd/panic.rs:392
Dec 03 17:27:06.249 INFO [stderr]   17:     0x5622ced9b8fc - std::thread::Builder::spawn::{{closure}}::h836e2af4714a5cce
Dec 03 17:27:06.249 INFO [stderr]                                at libstd/thread/mod.rs:408
Dec 03 17:27:06.249 INFO [stderr]   18:     0x5622ced9c4a6 - <F as alloc::boxed::FnBox<A>>::call_box::h430c3ab0e46809d4
Dec 03 17:27:06.249 INFO [stderr]                                at liballoc/boxed.rs:672
Dec 03 17:27:06.249 INFO [stderr]   19:     0x5622cee2918d - std::sys_common::thread::start_thread::h4c28257d67cdf9cb
Dec 03 17:27:06.249 INFO [stderr]                                at liballoc/boxed.rs:682
Dec 03 17:27:06.249 INFO [stderr]                                at libstd/sys_common/thread.rs:24
Dec 03 17:27:06.249 INFO [stderr]   20:     0x5622cee1c0d5 - std::sys::unix::thread::Thread::new::thread_start::hfecb2e7eff8fd34f
Dec 03 17:27:06.249 INFO [stderr]                                at libstd/sys/unix/thread.rs:90
Dec 03 17:27:06.249 INFO [stderr]   21:     0x7f36744516b9 - start_thread
Dec 03 17:27:06.249 INFO [stderr]   22:     0x7f3673f7141c - clone
Dec 03 17:27:06.249 INFO [stderr]   23:                0x0 - <unknown>
Dec 03 17:27:06.249 INFO [stderr] thread '<unnamed>' panicked at 'This thread is supposed to panic, relax :p', src/sinks/async.rs:438:13
Dec 03 17:27:06.249 INFO [stderr] stack backtrace:
Dec 03 17:27:06.249 INFO [stderr]    0:     0x5622cee2707f - std::sys::unix::backtrace::tracing::imp::unwind_backtrace::h3a8b83e1922cbdde
Dec 03 17:27:06.249 INFO [stderr]                                at libstd/sys/unix/backtrace/tracing/gcc_s.rs:49
Dec 03 17:27:06.249 INFO [stderr]    1:     0x5622cee30897 - std::sys_common::backtrace::print::h00d3155a29b4020f
Dec 03 17:27:06.249 INFO [stderr]                                at libstd/sys_common/backtrace.rs:71
Dec 03 17:27:06.249 INFO [stderr]                                at libstd/sys_common/backtrace.rs:59
Dec 03 17:27:06.249 INFO [stderr]    2:     0x5622cee2b42f - std::panicking::default_hook::{{closure}}::hd7465c742e79e1bb
Dec 03 17:27:06.250 INFO [stderr]                                at libstd/panicking.rs:211
Dec 03 17:27:06.250 INFO [stderr]    3:     0x5622cee2b194 - std::panicking::default_hook::h9e3966f2aa2a6e12
Dec 03 17:27:06.250 INFO [stderr]                                at libstd/panicking.rs:227
Dec 03 17:27:06.250 INFO [stderr]    4:     0x5622cee2bb0e - std::panicking::rust_panic_with_hook::h587f091ae747d080
Dec 03 17:27:06.250 INFO [stderr]                                at libstd/panicking.rs:476
Dec 03 17:27:06.250 INFO [stderr]    5:     0x5622cee11287 - std::panicking::begin_panic::h04f87dca1ab84e5b
Dec 03 17:27:06.250 INFO [stderr]                                at libstd/panicking.rs:410
Dec 03 17:27:06.250 INFO [stderr]    6:     0x5622ced97df1 - <cadence::sinks::async::tests::PanickingMetricSink as cadence::sinks::core::MetricSink>::emit::h29518c47efa939f1
Dec 03 17:27:06.250 INFO [stderr]                                at src/sinks/async.rs:438
Dec 03 17:27:06.250 INFO [stderr]    7:     0x5622cedad050 - cadence::sinks::async::QueuingMetricSink::from::{{closure}}::hac7c18dc063e7ade
Dec 03 17:27:06.250 INFO [stderr]                                at src/sinks/async.rs:96
Dec 03 17:27:06.250 INFO [stderr]    8:     0x5622cedadcf2 - <cadence::sinks::async::Worker<T>>::run::h246fe9e397146b93
Dec 03 17:27:06.250 INFO [stderr]                                at src/sinks/async.rs:297
Dec 03 17:27:06.250 INFO [stderr]    9:     0x5622cedad362 - cadence::sinks::async::spawn_worker_in_thread::{{closure}}::h7a0a5eb954d629b6
Dec 03 17:27:06.250 INFO [stderr]                                at src/sinks/async.rs:191
Dec 03 17:27:06.250 INFO [stderr]   10:     0x5622ced90872 - std::sys_common::backtrace::__rust_begin_short_backtrace::h06e062c70c63473f
Dec 03 17:27:06.250 INFO [stderr]                                at libstd/sys_common/backtrace.rs:136
Dec 03 17:27:06.250 INFO [stderr]   11:     0x5622ced9c0ed - std::thread::Builder::spawn::{{closure}}::{{closure}}::h3db7c4c6388fda9b
Dec 03 17:27:06.250 INFO [stderr]                                at libstd/thread/mod.rs:409
Dec 03 17:27:06.250 INFO [stderr]   12:     0x5622cedba770 - <std::panic::AssertUnwindSafe<F> as core::ops::function::FnOnce<()>>::call_once::h426c006e324cef06
Dec 03 17:27:06.250 INFO [stderr]                                at libstd/panic.rs:313
Dec 03 17:27:06.250 INFO [stderr]   13:     0x5622cedc2b64 - std::panicking::try::do_call::hc8dbda5d62885c2e
Dec 03 17:27:06.250 INFO [stderr]                                at libstd/panicking.rs:310
Dec 03 17:27:06.250 INFO [stderr]   14:     0x5622cee3b849 - __rust_maybe_catch_panic
Dec 03 17:27:06.250 INFO [stderr]                                at libpanic_unwind/lib.rs:102
Dec 03 17:27:06.250 INFO [stderr]   15:     0x5622cedc29ad - std::panicking::try::hcb94df8ea0f980f5
Dec 03 17:27:06.250 INFO [stderr]                                at libstd/panicking.rs:289
Dec 03 17:27:06.250 INFO [stderr]   16:     0x5622cedbab02 - std::panic::catch_unwind::h28b88151c2b0dee4
Dec 03 17:27:06.250 INFO [stderr]                                at libstd/panic.rs:392
Dec 03 17:27:06.250 INFO [stderr]   17:     0x5622ced9b8fc - std::thread::Builder::spawn::{{closure}}::h836e2af4714a5cce
Dec 03 17:27:06.250 INFO [stderr]                                at libstd/thread/mod.rs:408
Dec 03 17:27:06.250 INFO [stderr]   18:     0x5622ced9c4a6 - <F as alloc::boxed::FnBox<A>>::call_box::h430c3ab0e46809d4
Dec 03 17:27:06.250 INFO [stderr]                                at liballoc/boxed.rs:672
Dec 03 17:27:06.250 INFO [stderr]   19:     0x5622cee2918d - std::sys_common::thread::start_thread::h4c28257d67cdf9cb
Dec 03 17:27:06.250 INFO [stderr]                                at liballoc/boxed.rs:682
Dec 03 17:27:06.250 INFO [stderr]                                at libstd/sys_common/thread.rs:24
Dec 03 17:27:06.250 INFO [stderr]   20:     0x5622cee1c0d5 - std::sys::unix::thread::Thread::new::thread_start::hfecb2e7eff8fd34f
Dec 03 17:27:06.250 INFO [stderr]                                at libstd/sys/unix/thread.rs:90
Dec 03 17:27:06.250 INFO [stderr]   21:     0x7f36744516b9 - start_thread
Dec 03 17:27:06.250 INFO [stderr]   22:     0x7f3673f7141c - clone
Dec 03 17:27:06.250 INFO [stderr]   23:                0x0 - <unknown>
Dec 03 17:27:06.253 INFO [stderr] thread '<unnamed>' panicked at 'This thread is supposed to panic, relax :p', src/sinks/async.rs:438:13
Dec 03 17:27:06.253 INFO [stderr] stack backtrace:
Dec 03 17:27:06.253 INFO [stderr]    0:     0x5622cee2707f - std::sys::unix::backtrace::tracing::imp::unwind_backtrace::h3a8b83e1922cbdde
Dec 03 17:27:06.253 INFO [stderr]                                at libstd/sys/unix/backtrace/tracing/gcc_s.rs:49
Dec 03 17:27:06.253 INFO [stderr]    1:     0x5622cee30897 - std::sys_common::backtrace::print::h00d3155a29b4020f
Dec 03 17:27:06.253 INFO [stderr]                                at libstd/sys_common/backtrace.rs:71
Dec 03 17:27:06.253 INFO [stderr]                                at libstd/sys_common/backtrace.rs:59
Dec 03 17:27:06.253 INFO [stderr]    2:     0x5622cee2b42f - std::panicking::default_hook::{{closure}}::hd7465c742e79e1bb
Dec 03 17:27:06.253 INFO [stderr]                                at libstd/panicking.rs:211
Dec 03 17:27:06.253 INFO [stderr]    3:     0x5622cee2b194 - std::panicking::default_hook::h9e3966f2aa2a6e12
Dec 03 17:27:06.253 INFO [stderr]                                at libstd/panicking.rs:227
Dec 03 17:27:06.253 INFO [stderr]    4:     0x5622cee2bb0e - std::panicking::rust_panic_with_hook::h587f091ae747d080
Dec 03 17:27:06.253 INFO [stderr]                                at libstd/panicking.rs:476
Dec 03 17:27:06.253 INFO [stderr]    5:     0x5622cee11287 - std::panicking::begin_panic::h04f87dca1ab84e5b
Dec 03 17:27:06.254 INFO [stderr]                                at libstd/panicking.rs:410
Dec 03 17:27:06.254 INFO [stderr]    6:     0x5622ced97df1 - <cadence::sinks::async::tests::PanickingMetricSink as cadence::sinks::core::MetricSink>::emit::h29518c47efa939f1
Dec 03 17:27:06.254 INFO [stderr]                                at src/sinks/async.rs:438
Dec 03 17:27:06.254 INFO [stderr]    7:     0x5622cedad050 - cadence::sinks::async::QueuingMetricSink::from::{{closure}}::hac7c18dc063e7ade
Dec 03 17:27:06.254 INFO [stderr]                                at src/sinks/async.rs:96
Dec 03 17:27:06.254 INFO [stderr]    8:     0x5622cedadcf2 - <cadence::sinks::async::Worker<T>>::run::h246fe9e397146b93
Dec 03 17:27:06.254 INFO [stderr]                                at src/sinks/async.rs:297
Dec 03 17:27:06.254 INFO [stderr]    9:     0x5622cedad362 - cadence::sinks::async::spawn_worker_in_thread::{{closure}}::h7a0a5eb954d629b6
Dec 03 17:27:06.254 INFO [stderr]                                at src/sinks/async.rs:191
Dec 03 17:27:06.254 INFO [stderr]   10:     0x5622ced90872 - std::sys_common::backtrace::__rust_begin_short_backtrace::h06e062c70c63473f
Dec 03 17:27:06.254 INFO [stderr]                                at libstd/sys_common/backtrace.rs:136
Dec 03 17:27:06.254 INFO [stderr]   11:     0x5622ced9c0ed - std::thread::Builder::spawn::{{closure}}::{{closure}}::h3db7c4c6388fda9b
Dec 03 17:27:06.254 INFO [stderr]                                at libstd/thread/mod.rs:409
Dec 03 17:27:06.254 INFO [stderr]   12:     0x5622cedba770 - <std::panic::AssertUnwindSafe<F> as core::ops::function::FnOnce<()>>::call_once::h426c006e324cef06
Dec 03 17:27:06.254 INFO [stderr]                                at libstd/panic.rs:313
Dec 03 17:27:06.254 INFO [stderr]   13:     0x5622cedc2b64 - std::panicking::try::do_call::hc8dbda5d62885c2e
Dec 03 17:27:06.254 INFO [stderr]                                at libstd/panicking.rs:310
Dec 03 17:27:06.254 INFO [stderr]   14:     0x5622cee3b849 - __rust_maybe_catch_panic
Dec 03 17:27:06.254 INFO [stderr]                                at libpanic_unwind/lib.rs:102
Dec 03 17:27:06.254 INFO [stderr]   15:     0x5622cedc29ad - std::panicking::try::hcb94df8ea0f980f5
Dec 03 17:27:06.254 INFO [stderr]                                at libstd/panicking.rs:289
Dec 03 17:27:06.254 INFO [stderr]   16:     0x5622cedbab02 - std::panic::catch_unwind::h28b88151c2b0dee4
Dec 03 17:27:06.254 INFO [stderr]                                at libstd/panic.rs:392
Dec 03 17:27:06.254 INFO [stderr]   17:     0x5622ced9b8fc - std::thread::Builder::spawn::{{closure}}::h836e2af4714a5cce
Dec 03 17:27:06.254 INFO [stderr]                                at libstd/thread/mod.rs:408
Dec 03 17:27:06.254 INFO [stderr]   18:     0x5622ced9c4a6 - <F as alloc::boxed::FnBox<A>>::call_box::h430c3ab0e46809d4
Dec 03 17:27:06.254 INFO [stderr]                                at liballoc/boxed.rs:672
Dec 03 17:27:06.254 INFO [stderr]   19:     0x5622cee2918d - std::sys_common::thread::start_thread::h4c28257d67cdf9cb
Dec 03 17:27:06.254 INFO [stderr]                                at liballoc/boxed.rs:682
Dec 03 17:27:06.254 INFO [stderr]                                at libstd/sys_common/thread.rs:24
Dec 03 17:27:06.254 INFO [stderr]   20:     0x5622cee1c0d5 - std::sys::unix::thread::Thread::new::thread_start::hfecb2e7eff8fd34f
Dec 03 17:27:06.254 INFO [stderr]                                at libstd/sys/unix/thread.rs:90
Dec 03 17:27:06.254 INFO [stderr]   21:     0x7f36744516b9 - start_thread
Dec 03 17:27:06.254 INFO [stderr]   22:     0x7f3673f7141c - clone
Dec 03 17:27:06.254 INFO [stderr]   23:                0x0 - <unknown>
Dec 03 17:27:06.260 INFO [stderr]      Running /target/debug/deps/lib-3382ae987a2d9f29
Dec 03 17:27:06.260 INFO [stdout] test sinks::async::tests::test_queuing_sink_emit_panics ... ok
Dec 03 17:27:06.260 INFO [stdout] 
Dec 03 17:27:06.260 INFO [stdout] test result: ok. 61 passed; 0 failed; 0 ignored; 0 measured; 0 filtered out
Dec 03 17:27:06.260 INFO [stdout] 
Dec 03 17:27:06.264 INFO [stdout] 
Dec 03 17:27:06.264 INFO [stdout] running 16 tests
Dec 03 17:27:06.264 INFO [stdout] test test_statsd_client_buffered_udp_sink_many_threaded ... ignored
Dec 03 17:27:06.264 INFO [stdout] test test_statsd_client_incr ... ok
Dec 03 17:27:06.264 INFO [stdout] test test_statsd_client_nop_sink_many_threaded ... ignored
Dec 03 17:27:06.264 INFO [stdout] test test_statsd_client_mark ... ok
Dec 03 17:27:06.264 INFO [stdout] test test_statsd_client_meter ... ok
Dec 03 17:27:06.264 INFO [stdout] test test_statsd_client_queuing_buffered_udp_sink_many_threaded ... ignored
Dec 03 17:27:06.264 INFO [stdout] test test_statsd_client_time_duration ... ok
Dec 03 17:27:06.264 INFO [stdout] test test_statsd_client_udp_sink_many_threaded ... ignored
Dec 03 17:27:06.264 INFO [stdout] test test_statsd_client_time ... ok
Dec 03 17:27:06.264 INFO [stdout] test test_statsd_client_gauge ... ok
Dec 03 17:27:06.265 INFO [stdout] test test_statsd_client_udp_sink_single_threaded ... ok
Dec 03 17:27:06.265 INFO [stdout] test test_statsd_client_histogram ... ok
Dec 03 17:27:06.265 INFO [stdout] test test_statsd_client_decr ... ok
Dec 03 17:27:06.265 INFO [stdout] test test_statsd_client_count ... ok
Dec 03 17:27:06.266 INFO [stdout] test test_statsd_client_buffered_udp_sink_single_threaded ... ok
Dec 03 17:27:06.272 INFO [stdout] test test_statsd_client_nop_sink_single_threaded ... ok
Dec 03 17:27:06.272 INFO [stdout] 
Dec 03 17:27:06.272 INFO [stdout] test result: ok. 12 passed; 0 failed; 4 ignored; 0 measured; 0 filtered out
Dec 03 17:27:06.272 INFO [stdout] 
Dec 03 17:27:06.273 INFO [stderr]    Doc-tests cadence
Dec 03 17:27:07.210 INFO [stdout] 
Dec 03 17:27:07.210 INFO [stdout] running 31 tests
Dec 03 17:27:11.007 INFO [stdout] test src/client.rs - client::MetricBackend (line 243) ... ok
Dec 03 17:27:12.211 INFO [stdout] test src/client.rs - client::StatsdClient (line 439) ... ok
Dec 03 17:27:14.094 INFO [stdout] test src/builder.rs - builder::MetricBuilder<'m, 'c, T>::try_send (line 320) ... ok
Dec 03 17:27:14.155 INFO [stdout] test src/builder.rs - builder::MetricBuilder<'m, 'c, T>::with_tag (line 267) ... ok
Dec 03 17:27:14.960 INFO [stdout] test src/builder.rs - builder::MetricBuilder<'m, 'c, T>::send (line 357) ... ok
Dec 03 17:27:15.263 INFO [stdout] test src/builder.rs - builder::MetricBuilder<'m, 'c, T>::with_tag_value (line 292) ... ok
Dec 03 17:27:15.629 INFO [stdout] test src/client.rs - client::MetricClient (line 216) ... ok
Dec 03 17:27:15.687 INFO [stdout] test src/builder.rs - builder::MetricBuilder (line 214) ... ok
Dec 03 17:27:17.927 INFO [stdout] test src/client.rs - client::StatsdClient (line 479) ... ok
Dec 03 17:27:21.859 INFO [stdout] test src/client.rs - client::StatsdClient::from_udp_host (line 583) ... ok
Dec 03 17:27:22.583 INFO [stdout] test src/client.rs - client::StatsdClient::from_sink (line 529) ... ok
Dec 03 17:27:22.587 INFO [stdout] test src/client.rs - client::StatsdClient::from_sink (line 538) ... ok
Dec 03 17:27:22.603 INFO [stdout] test src/client.rs - client::StatsdClient::builder (line 626) ... ok
Dec 03 17:27:23.598 INFO [stdout] test src/lib.rs -  (line 102) ... ok
Dec 03 17:27:23.687 INFO [stdout] test src/client.rs - client::StatsdClient::from_sink (line 554) ... ok
Dec 03 17:27:25.183 INFO [stdout] test src/client.rs - client::StatsdClientBuilder (line 329) ... ok
Dec 03 17:27:25.443 INFO [stdout] test src/lib.rs -  (line 150) ... ok
Dec 03 17:27:28.135 INFO [stdout] test src/lib.rs -  (line 273) ... ok
Dec 03 17:27:28.196 INFO [stdout] test src/lib.rs -  (line 179) ... ok
Dec 03 17:27:28.491 INFO [stdout] test src/lib.rs -  (line 334) ... ok
Dec 03 17:27:28.547 INFO [stdout] test src/lib.rs -  (line 303) ... ok
Dec 03 17:27:28.663 INFO [stdout] test src/lib.rs -  (line 214) ... ok
Dec 03 17:27:29.743 INFO [stdout] test src/lib.rs -  (line 51) ... ok
Dec 03 17:27:30.203 INFO [stdout] test src/prelude.rs - prelude (line 15) ... ok
Dec 03 17:27:30.207 INFO [stdout] test src/lib.rs -  (line 70) ... ok
Dec 03 17:27:32.376 INFO [stdout] test src/sinks/udp.rs - sinks::udp::UdpMetricSink::from (line 85) ... ok
Dec 03 17:27:32.427 INFO [stdout] test src/sinks/udp.rs - sinks::udp::BufferedUdpMetricSink::from (line 156) ... ok
Dec 03 17:27:32.634 INFO [stdout] test src/sinks/async.rs - sinks::async::QueuingMetricSink (line 45) ... ok
Dec 03 17:27:32.995 INFO [stdout] test src/sinks/async.rs - sinks::async::QueuingMetricSink::from (line 82) ... ok
Dec 03 17:27:33.079 INFO [stdout] test src/sinks/udp.rs - sinks::udp::BufferedUdpMetricSink::with_capacity (line 195) ... ok
Dec 03 17:27:33.319 INFO [stdout] test src/sinks/udp.rs - sinks::udp::UdpMetricSink::from (line 67) ... ok
Dec 03 17:27:33.319 INFO [stdout] 
Dec 03 17:27:33.319 INFO [stdout] test result: ok. 31 passed; 0 failed; 0 ignored; 0 measured; 0 filtered out
Dec 03 17:27:33.319 INFO [stdout] 
Dec 03 17:27:33.339 INFO [stderr] su: No module specific data is present
Dec 03 17:27:34.047 INFO running `"docker" "inspect" "24af255bba8250e25415dd6c5ab25b1f17ef0dbfa1af71b2fa1c0c5f9ea695c6"`
Dec 03 17:27:34.305 INFO running `"docker" "rm" "-f" "24af255bba8250e25415dd6c5ab25b1f17ef0dbfa1af71b2fa1c0c5f9ea695c6"`
Dec 03 17:27:34.576 INFO [stdout] 24af255bba8250e25415dd6c5ab25b1f17ef0dbfa1af71b2fa1c0c5f9ea695c6
